{"id":154,"date":"2022-09-13T11:46:26","date_gmt":"2022-09-13T11:46:26","guid":{"rendered":"https:\/\/change.uni-ak.ac.at\/?page_id=154"},"modified":"2022-09-13T11:46:26","modified_gmt":"2022-09-13T11:46:26","slug":"datenschutz","status":"publish","type":"page","link":"https:\/\/change.uni-ak.ac.at\/index.php\/datenschutz\/","title":{"rendered":"Datenschutz"},"content":{"rendered":"<p>[et_pb_section fb_built=&#8221;1&#8243; _builder_version=&#8221;4.18.0&#8243; _module_preset=&#8221;default&#8221; global_colors_info=&#8221;{}&#8221; theme_builder_area=&#8221;post_content&#8221;][et_pb_row _builder_version=&#8221;4.18.0&#8243; _module_preset=&#8221;default&#8221; global_colors_info=&#8221;{}&#8221; theme_builder_area=&#8221;post_content&#8221;][et_pb_column type=&#8221;4_4&#8243; _builder_version=&#8221;4.18.0&#8243; _module_preset=&#8221;default&#8221; global_colors_info=&#8221;{}&#8221; theme_builder_area=&#8221;post_content&#8221;][et_pb_text _builder_version=&#8221;4.18.0&#8243; _module_preset=&#8221;default&#8221; global_colors_info=&#8221;{}&#8221; theme_builder_area=&#8221;post_content&#8221;]<\/p>\n<h1>Datenschutz<\/h1>\n<p>Der Verantwortliche im Sinne der Datenschutz-Grundverordnung und anderer nationaler Datenschutzgesetze der Mitgliedsstaaten sowie sonstiger datenschutzrechtlicher Bestimmungen ist die:<\/p>\n<p>Universit\u00e4t f\u00fcr angewandte Kunst Wien<br \/>Oskar-Kokoschka-Platz 2<br \/>A-1010 Wien, \u00d6sterreich<br \/><a href=\"mailto:info@uni-ak.ac.at\">info@uni-ak.ac.at<\/a><span><br \/><\/span><a href=\"http:\/\/www.dieangewandte.at\/\">www.dieangewandte.at<\/a><\/p>\n<p><strong>Redaktionelle Verantwortung<\/strong><br \/>Prof. Mag.a Michaela Theresia Martinek<br \/><a href=\"mailto:michaela.martinek@uni-ak.ac.at\">michaela.martinek@uni-ak.ac.at<\/a><\/p>\n<p><a rel=\"noopener\" href=\"https:\/\/dieangewandte.at\/jart\/prj3\/angewandte-2016\/main.jart?content-id=1529044613830\" target=\"_blank\">Datenschutzerkl\u00e4rung<\/a><span>\u00a0<\/span>der Universit\u00e4t f\u00fcr angewandte Kunst Wien<\/p>\n<p>[\/et_pb_text][\/et_pb_column][\/et_pb_row][\/et_pb_section]<\/p>\n","protected":false},"excerpt":{"rendered":"<p>Datenschutz Der Verantwortliche im Sinne der Datenschutz-Grundverordnung und anderer nationaler Datenschutzgesetze der Mitgliedsstaaten sowie sonstiger datenschutzrechtlicher Bestimmungen ist die: Universit\u00e4t f\u00fcr angewandte Kunst WienOskar-Kokoschka-Platz 2A-1010 Wien, \u00d6sterreichinfo@uni-ak.ac.atwww.dieangewandte.at Redaktionelle VerantwortungProf. Mag.a Michaela Theresia Martinekmichaela.martinek@uni-ak.ac.at Datenschutzerkl\u00e4rung\u00a0der Universit\u00e4t f\u00fcr angewandte Kunst Wien<\/p>\n","protected":false},"author":1,"featured_media":0,"parent":0,"menu_order":0,"comment_status":"closed","ping_status":"closed","template":"","meta":{"_et_pb_use_builder":"on","_et_pb_old_content":"","_et_gb_content_width":"","footnotes":""},"class_list":["post-154","page","type-page","status-publish","hentry"],"_links":{"self":[{"href":"https:\/\/change.uni-ak.ac.at\/index.php\/wp-json\/wp\/v2\/pages\/154","targetHints":{"allow":["GET"]}}],"collection":[{"href":"https:\/\/change.uni-ak.ac.at\/index.php\/wp-json\/wp\/v2\/pages"}],"about":[{"href":"https:\/\/change.uni-ak.ac.at\/index.php\/wp-json\/wp\/v2\/types\/page"}],"author":[{"embeddable":true,"href":"https:\/\/change.uni-ak.ac.at\/index.php\/wp-json\/wp\/v2\/users\/1"}],"replies":[{"embeddable":true,"href":"https:\/\/change.uni-ak.ac.at\/index.php\/wp-json\/wp\/v2\/comments?post=154"}],"version-history":[{"count":2,"href":"https:\/\/change.uni-ak.ac.at\/index.php\/wp-json\/wp\/v2\/pages\/154\/revisions"}],"predecessor-version":[{"id":157,"href":"https:\/\/change.uni-ak.ac.at\/index.php\/wp-json\/wp\/v2\/pages\/154\/revisions\/157"}],"wp:attachment":[{"href":"https:\/\/change.uni-ak.ac.at\/index.php\/wp-json\/wp\/v2\/media?parent=154"}],"curies":[{"name":"wp","href":"https:\/\/api.w.org\/{rel}","templated":true}]}}

<p>[et_pb_section fb_built=&#8221;1&#8243; _builder_version=&#8221;4.18.0&#8243; _module_preset=&#8221;default&#8221; global_colors_info=&#8221;{}&#8221; theme_builder_area=&#8221;post_content&#8221;][et_pb_row _builder_version=&#8221;4.18.0&#8243; _module_preset=&#8221;default&#8221; global_colors_info=&#8221;{}&#8221; theme_builder_area=&#8221;post_content&#8221;][et_pb_column type=&#8221;4_4&#8243; _builder_version=&#8221;4.18.0&#8243; _module_preset=&#8221;default&#8221; global_colors_info=&#8221;{}&#8221; theme_builder_area=&#8221;post_content&#8221;][et_pb_text _builder_version=&#8221;4.18.0&#8243; _module_preset=&#8221;default&#8221; global_colors_info=&#8221;{}&#8221; theme_builder_area=&#8221;post_content&#8221;]</p>
<h1>Datenschutz</h1>
<p>Der Verantwortliche im Sinne der Datenschutz-Grundverordnung und anderer nationaler Datenschutzgesetze der Mitgliedsstaaten sowie sonstiger datenschutzrechtlicher Bestimmungen ist die:</p>
<p>Universität für angewandte Kunst Wien<br />Oskar-Kokoschka-Platz 2<br />A-1010 Wien, Österreich<br /><a href="mailto:info@uni-ak.ac.at">info@uni-ak.ac.at</a><span><br /></span><a href="http://www.dieangewandte.at/">www.dieangewandte.at</a></p>
<p><strong>Redaktionelle Verantwortung</strong><br />Prof. Mag.a Michaela Theresia Martinek<br /><a href="mailto:michaela.martinek@uni-ak.ac.at">michaela.martinek@uni-ak.ac.at</a></p>
<p><a rel="noopener" href="https://dieangewandte.at/jart/prj3/angewandte-2016/main.jart?content-id=1529044613830" target="_blank">Datenschutzerklärung</a><span> </span>der Universität für angewandte Kunst Wien</p>
<p>[/et_pb_text][/et_pb_column][/et_pb_row][/et_pb_section]</p>

<p>Datenschutz Der Verantwortliche im Sinne der Datenschutz-Grundverordnung und anderer nationaler Datenschutzgesetze der Mitgliedsstaaten sowie sonstiger datenschutzrechtlicher Bestimmungen ist die: Universität für angewandte Kunst WienOskar-Kokoschka-Platz 2A-1010 Wien, Österreichinfo@uni-ak.ac.atwww.dieangewandte.at Redaktionelle VerantwortungProf. Mag.a Michaela Theresia Martinekmichaela.martinek@uni-ak.ac.at Datenschutzerklärung der Universität für angewandte Kunst Wien</p>
